t the prime factors of 672807.
3, 137, 1637
What are the prime factors of 5974479?
3, 7, 41, 257
What are the prime factors of 564798?
2, 3, 13, 557
What are the prime factors of 682115?
5, 7, 19489
List the prime factors of 389121.
3, 129707
List the prime factors of 6579094.
2, 61, 53927
List the prime factors of 83035.
5, 16607
List the prime factors of 541354.
2, 11, 2237
What are the prime factors of 1561355?
5, 23, 13577
List the prime factors of 283374.
2, 3, 7, 13, 173
What are the prime factors of 3843094?
2, 41, 46867
What are the prime factors of 28382475?
3, 5, 11, 34403
List the prime factors of 19918.
2, 23, 433
What are the prime factors of 3986928?
2, 3, 11, 839
List the prime factors of 330965.
5, 37, 1789
What are the prime factors of 60971?
19, 3209
List the prime factors of 1072720.
2, 5, 11, 23, 53
What are the prime factors of 9087492?
2, 3, 757291
What are the prime factors of 11655291?
3, 521, 7457
List the prime factors of 5504047.
191, 28817
What are the prime factors of 755320?
2, 5, 23, 821
List the prime factors of 4189254.
2, 3, 383, 1823
List the prime factors of 7447237.
7, 1063891
List the prime factors of 984394.
2, 331, 1487
List the prime factors of 305772.
2, 3, 83, 307
List the prime factors of 185695.
5, 37139
What are the prime factors of 3265295?
5, 11, 59369
What are the prime factors of 1517774?
2, 758887
What are the prime factors of 2555174?
2, 97, 13171
What are the prime factors of 774398?
2, 387199
What are the prime factors of 15770?
2, 5, 19, 83
What are the prime factors of 6398757?
3, 197, 401
List the prime factors of 503244.
2, 3, 7, 1997
List the prime factors of 3033239.
11, 47, 5867
List the prime factors of 838404.
2, 3, 7, 1109
What are the prime factors of 1250059?
47, 26597
What are the prime factors of 720224?
2, 71, 317
What are the prime factors of 18576?
2, 3, 43
List the prime factors of 490226.
2, 11, 22283
List the prime factors of 218072.
2, 27259
What are the prime factors of 2047758?
2, 3, 341293
What are the prime factors of 107875?
5, 863
List the prime factors of 107334.
2, 3, 67, 89
What are the prime factors of 26647182?
2, 3, 181, 8179
What are the prime factors of 2240480?
2, 5, 11, 19, 67
What are the prime factors of 231831?
3, 25759
What are the prime factors of 732822?
2, 3, 37, 3301
What are the prime factors of 1252574?
2, 61, 10267
List the prime factors of 288613.
13, 149
List the prime factors of 11914363.
197, 307
List the prime factors of 755396.
2, 127, 1487
List the prime factors of 2528444.
2, 17, 19, 103
What are the prime factors of 826007?
7, 13, 29, 313
What are the prime factors of 2279346?
2, 3, 23, 83, 199
What are the prime factors of 127042?
2, 63521
What are the prime factors of 12928134?
2, 3, 149, 14461
What are the prime factors of 499795?
5, 19, 5261
What are the prime factors of 6473725?
5, 258949
List the prime factors of 139975.
5, 11, 509
List the prime factors of 1470793.
29, 41, 1237
List the prime factors of 24439473.
3, 2715497
What are the prime factors of 2171068?
2, 67, 8101
List the prime factors of 1425354.
2, 3, 7, 33937
What are the prime factors of 826014?
2, 3, 7, 71, 277
What are the prime factors of 1722424?
2, 11, 23, 37
What are the prime factors of 2469323?
53, 46591
List the prime factors of 7226856.
2, 3, 7, 13, 1103
What are the prime factors of 322661?
229, 1409
What are the prime factors of 802044?
2, 3, 22279
What are the prime factors of 5506325?
5, 11, 20023
List the prime factors of 195557.
167, 1171
List the prime factors of 3409053.
3, 101, 11251
What are the prime factors of 207787?
47, 4421
What are the prime factors of 25451532?
2, 3, 706987
What are the prime factors of 4159839?
3, 107, 12959
List the prime factors of 146755.
5, 7, 599
What are the prime factors of 1379516?
2, 17, 20287
List the prime factors of 747876.
2, 3, 62323
List the prime factors of 2115801.
3, 8707
What are the prime factors of 650252?
2, 162563
What are the prime factors of 1529102?
2, 764551
List the prime factors of 153149.
29, 5281
List the prime factors of 4810445.
5, 647, 1487
What are the prime factors of 460068?
2, 3, 7, 5477
What are the prime factors of 8201063?
13, 48527
What are the prime factors of 920136?
2, 3, 7, 5477
What are the prime factors of 1448983?
1448983
List the prime factors of 1001054.
2, 500527
List the prime factors of 69481.
69481
List the prime factors of 7999788.
2, 3, 666649
What are the prime factors of 6170131?
11, 41, 13681
What are the prime factors of 441227?
433, 1019
What are the prime factors of 434988?
2, 3, 43, 281
List the prime factors of 245374.
2, 79, 1553
List the prime factors of 639185.
5, 127837
What are the prime factors of 182219?
47, 3877
What are the prime factors of 1796193?
3, 7, 4073
List the prime factors of 270957.
3, 181, 499
List the prime factors of 2256277.
23, 263, 373
List the prime factors of 537535.
5, 107507
List the prime factors of 234186.
2, 3, 23, 1697
What are the prime factors of 3570633?
3, 11, 36067
List the prime factors of 10577661.
3, 19, 9767
What are the prime factors of 879558?
2, 3, 47, 3119
What are the prime factors of 144160?
2, 5, 17, 53
List the prime factors of 14435948.
2, 1609, 2243
What are the prime factors of 3176?
2, 397
What are the prime factors of 3309312?
2, 3, 31, 139
What are the prime factors of 8367791?
17, 23, 21401
List the prime factors of 547382.
2, 11, 139, 179
What are the prime factors of 2545827?
3, 317, 2677
List the prime factors of 305319.
3, 7, 31, 67
What are the prime factors of 503228?
2, 11, 11437
What are the prime factors of 692021?
11, 53, 1187
What are the prime factors of 29390851?
7, 743, 5651
List the prime factors of 3881349.
3, 53, 79, 103
What are the prime factors of 2663994?
2, 3, 443999
What are the prime factors of 14080541?
31, 454211
List the prime factors of 110872.
2, 13859
What are the prime factors of 949311?
3, 11, 43, 223
List the prime factors of 249209.
31, 8039
List the prime factors of 259937.
259937
What are the prime factors of 1957874?
2, 19, 67, 769
What are the prime factors of 2127867?
3, 7, 19, 5333
List the prime factors of 982545.
3, 5, 31, 2113
List the prime factors of 3767557.
17, 221621
List the prime factors of 4949881.
4949881
List the prime factors of 2200999.
941, 2339
What are the prime factors of 456526?
2, 7, 32609
What are the prime factors of 11349308?
2, 19, 149333
List the prime factors of 680877.
3, 75653
What are the prime factors of 73969?
7, 10567
What are the prime factors of 107249?
23, 4663
What are the prime factors of 12355275?
3, 5, 257, 641
List the prime factors of 622598.
2, 311299
What are the prime factors of 200605?
5, 53, 757
What are the prime factors of 36979?
36979
What are the prime factors of 597416?
2, 53, 1409
List the prime factors of 406139.
53, 79, 97
What are the prime factors of 1692604?
2, 367, 1153
List the prime factors of 842532.
2, 3, 61, 1151
What are the prime factors of 7028217?
3, 7, 15937
List the prime factors of 26590.
2, 5, 2659
List the prime factors of 1215727.
31, 39217
What are the prime factors of 505363?
79, 6397
What are the prime factors of 397688?
2, 49711
What are the prime factors of 2219785?
5, 109, 4073
List the prime factors of 334940.
2, 5, 16747
List the prime factors of 9074602.
2, 4537301
What are the prime factors of 3287187?
3, 227, 1609
List the prime factors of 894871.
894871
What are the prime factors of 2234051?
47, 47533
What are the prime factors of 3274971?
3, 7, 277, 563
What are the prime factors of 272994?
2, 3, 173, 263
What are the prime factors of 17081183?
7, 1307, 1867
What are the prime factors of 5771250?
2, 3, 5, 19
What are the prime factors of 22189960?
2, 5, 13, 139, 307
List the prime factors of 189512.
2, 23689
What are the prime factors of 196121?
23, 8527
What are the prime factors of 92466?
2, 3, 11, 467
What are the prime factors of 7790713?
7, 1112959
List the prime factors of 859032.
2, 3, 41, 97
What are the prime factors of 1082345?
5, 11, 1789
What are the prime factors of 1011694?
2, 29, 17443
What are the prime factors of 17496643?
47, 372269
List the prime factors of 5846444.
2, 37, 39503
What are the prime factors of 191352?
2, 3, 7, 17, 67
What are the prime